 2, 3*z - 7 = z - o. Calculate the remainder when z is divided by j(15).
0
Suppose -k - s = 4*k - 20, 0 = 4*k + 3*s - 16. Let l = k - 2. Suppose -4*c - c + 25 = 0. What is the remainder when c is divided by l?
1
Suppose 3*d - 30 = -5*w, 0 = 4*w + 2*d - 21 - 5. Let s(k) = k - 3. Suppose -r - 3*r + 28 = 0. Calculate the remainder when w is divided by s(r).
1
Let c(y) = -y**2 + y + 2. Let w be c(2). Suppose p - 22 = 2*u, -7*u + 2*u = w. Calculate the remainder when p is divided by (-252)/(-32) + 1/8.
6
Suppose 0*x - 5*x = -10. Suppose 3*o - x*w = 30, 5*o - 4*w - 20 = 3*o. What is the remainder when 28 is divided by o?
8
Let w(y) = -42*y - 28. Let v(d) = -d - 1. Let f(t) = 35*v(t) - w(t). Calculate the remainder when 39 is divided by f(3).
11
Let l(p) = p + 24. Calculate the remainder when 10 is divided by l(-17).
3
Suppose 0 = -3*f + m + 74, -f - 5*m = f - 38. Suppose 2*x - f = x. Calculate the remainder when x is divided by 9.
6
Let x(v) = -v - 2. Let n be x(-5). Let b be (7/(-2))/(2/(-4)). Let p = b + n. What is the remainder when p is divided by 6?
4
Let s(r) = r + 19. Let l(o) be the third derivative of -o**5/60 - o**4/4 - o**3/2 + o**2. Calculate the remainder when l(-2) is divided by s(-16).
2
Suppose -3*u + 68 = 4*f, 2*u = -0*f + 2*f + 64. What is the remainder when u is divided by 14?
0
Let a = 15 + -19. Let t = a - -15. What is the remainder when 31 is divided by t?
9
Let f = -7 - -44. Calculate the remainder when f is divided by 10.
7
Suppose 0 = -5*n - 5*l + 345, l - 154 = -2*n - 16. What is the remainder when n is divided by 9?
6
Let d(z) = -z**2 + 9*z - 2. Let a be d(5). Calculate the remainder when 31 is divided by a - (-1 - -1) - 2.
15
Let q be 8/3*(-12)/(-8). What is the remainder when q*4/(-4) + 16 is divided by 7?
5
Suppose 58 = 2*l - 6. What is the remainder when l is divided by 7?
4
Let d be (54/(-15))/(9/(-30)). Suppose 0 = 5*o - 2*v - 30, -3*o + v + 27 = o. Calculate the remainder when 282/d - (-2)/(-4) is divided by o.
7
Suppose -2*w = 1 - 17. Calculate the remainder when w is divided by 2.
0
Suppose 5*c + t = 66, -c - 3*t = -8*t - 8. Let u = 11 + -4. What is the remainder when c is divided by u?
6
Let t(i) = -i + 21. Calculate the remainder when t(7) is divided by 5.
4
Let a(u) = u - 6. Let z be a(0). Let o = z + 13. What is the remainder when 26 is divided by o?
5
Let k(h) = -2*h + 18. Let i be k(12). What is the remainder when -6*((-112)/i)/(-4) is divided by 15?
13
Let v be -1 - -1 - (-1 + -2). Let p = -25 + v. Let x = p + 39. What is the remainder when 32 is divided by x?
15
Let g(l) = -54*l - 5. Let i be g(-5). Let u = 3 + -5. What is the remainder when 41 is divided by i/25 + u/(-5)?
8
Let d = -68 - -118. Calculate the remainder when d is divided by -1*581/(-35) - (-4)/10.
16
Let d(p) = -5*p - 13. What is the remainder when 65 is divided by d(-7)?
21
Let n(r) = 3*r + 2*r**2 - 4*r + 0*r**2. Suppose -2 + 12 = b. What is the remainder when n(4) is divided by b?
8
Let n = -12 + 6. Let g(w) = -4*w**2 - w + 1. Let z be g(-2). Let x = n - z. Calculate the remainder when x is divided by 4.
3
Suppose 1 = 2*g - 4*r - 25, -47 = -5*g + 4*r. Let w(j) = -j**3 + 8*j**2 - 2*j - 7. Let p be w(g). Let z = -16 + p. What is the remainder when z is divided by 7?
5
Let d = 1 + 1. Suppose d*k = 3 + 1. What is the remainder when k is divided by (2/6)/(2/6)?
0
Let c(j) = -j**3 - 7*j**2 + 6*j - 8. Calculate the remainder when (-26)/(-117) - (-392)/18 is divided by c(-8).
6
Let y = 10 - 7. Suppose 0 = -y*w - 0*w + 57. What is the remainder when 55 is divided by w?
17
Calculate the remainder when ((-3)/3 - -2) + 22 is divided by 12.
11
Suppose -3*p = -4 + 40. Calculate the remainder when p/(-18) - 76/(-3) is divided by 9.
8
Suppose 2*u - 86 = 44. Suppose 7*f - u = 2*f. What is the remainder when 38 is divided by f?
12
Let d = 23 + -18. Suppose 0 = 2*l - 10, -d*t - 6*l = -l - 215. Suppose -3*r - 4 = -43. What is the remainder when t is divided by r?
12
Let l(p) = p**3 + 8*p**2 + 5*p - 9. Suppose r + 0*r = 2. Suppose r*i - 38 = -10. Calculate the remainder when i is divided by l(-7).
4
Suppose -m - 2*t + 15 = 0, -m = -4*m + t + 17. What is the remainder when (72/18)/(2/13) is divided by m?
5
Let m = -97 - -106. What is the remainder when 106 is divided by m?
7
Suppose 3*o - 10 = -4*n, n + o - 2 + 0 = 0. Suppose 0*k = 5*k - 30. Calculate the remainder when k is divided by n.
2
Let h(l) = l**2 - 4*l + 1. Let s = -27 + 32. Suppose 5*b - 2*n = -s, 3*n - n - 9 = b. What is the remainder when h(4) is divided by b?
0
What is the remainder when 18 is divided by -20*(-4)/(20/3)?
6
Let l(j) = 6*j - 31. What is the remainder when 43 is divided by l(7)?
10
Suppose 0 = -4*n + 940 - 280. Calculate the remainder when n is divided by 28.
25
Let f be (-4)/(-14) - 8364/(-28). Calculate the remainder when f/7 + (-6)/(-21) is divided by 15.
13
Let r be 13/(-3) - 2/3. Let y be ((-6)/r)/((-12)/(-160)). Let l = 35 - y. Calculate the remainder when 55 is divided by l.
17
Let o = -147 - -172. What is the remainder when o is divided by 21?
4
Let j = -21 + 37. What is the remainder when j is divided by 6?
4
Let m(s) = -2*s**3 + 3*s**2 - 2*s + 1. Let c be m(2). Calculate the remainder when 0 - 0 - c - 1 is divided by 4.
2
Calculate the remainder when (10/(-3))/(6/(-63)) is divided by (-216)/(-21) + 6/(-21).
5
Let t be (0 - 1)/((-2)/(-6)). Let o(i) = 2*i**2 + 3*i + 2. Let x(s) = 19*s**2 + 1. What is the remainder when x(-1) is divided by o(t)?
9
Suppose -4*f = 2*x - 374, -3*f - 139 = -5*x - 387. Calculate the remainder when f is divided by 25.
16
Let z(y) = -y**2 - 4*y - 8. Let h = 4 + -5. Let o(c) = c + 1. Let f(a) = h*z(a) - 3*o(a). Calculate the remainder when f(5) is divided by 12.
11
Let q(n) = -n**3 + 9*n**2 - 2*n + 11. Let p be q(9). Let x = p + 23. What is the remainder when x is divided by 9?
7
Let x = -7 + 13. Calculate the remainder when x is divided by 3.
0
Let u(c) = -c**2 + 8*c - 6. Let b = 3 + 3. What is the remainder when u(b) is divided by 4?
2
Suppose 123 - 3 = 4*u. Calculate the remainder when u is divided by 8.
6
Suppose 0 = 4*f + 14 - 42. Suppose -6*d + 4*d = a - 8, -2*d = -a. Suppose -d*y - y = -39. What is the remainder when y is divided by f?
6
Let g = 7 + -3. Suppose s - g*h + 3*h = 50, 0 = s + 5*h - 44. Suppose 0 = -5*d - 4*w + 85, -5*w = 2*d - w - 34. What is the remainder when s is divided by d?
15
Let p(s) = -s**3 - 5*s**2 + 4*s + 3. Let q = -9 - -3. Calculate the remainder when 42 is divided by p(q).
12
Let q be 5/(-10) - (-54)/(-4). Let c = 25 + q. What is the remainder when 66/2 - (5 + -4) is divided by c?
10
Suppose b - u = u - 31, 118 = -4*b + 5*u. Let y = 39 + b. What is the remainder when 33 is divided by y?
9
Suppose -24 = -5*z + 6. Calculate the remainder when 37 is divided by z.
1
Let f = -111 - -153. Calculate the remainder when f is divided by 6.
0
Calculate the remainder when 39 is divided by 11/22 + (-39)/(-2).
19
Let b be -2*3/(9/69). Let a = b + 66. What is the remainder when a is divided by (22/(-4))/(5/(-10))?
9
Let x = 12 + -8. Calculate the remainder when (-20)/(-2) + (0 - 0) is divided by x.
2
Let y(h) = -10*h**3 - h - 1. Let m(t) = -t**3 - 6*t**2 - 2*t - 6. What is the remainder when y(-1) is divided by m(-6)?
4
Calculate the remainder when 12 is divided by ((-16)/12)/(-4)*12.
0
Let w(m) = m**3 + 16*m**2 + 20*m - 11. Let j = 5 + 21. Calculate the remainder when w(-14) is divided by j.
23
What is the remainder when 57 is divided by 1/(-3 + (-230)/(-75))?
12
Suppose b - 5*b + 8 = 0. Suppose f + 3*n + 31 = b*f, 3*f - 3*n = 63. What is the remainder when f is divided by 6?
4
Let v = 34 - 24. Let l(c) = -c**3 + 7*c**2 - 2*c - 1. Let u be 3/(-2)*6/(-3). Calculate the remainder when l(u) is divided by v.
9
Let q(y) = -y + 11. Let r be q(-13). Let g = 6 - 4. Suppose -g*v - r = -5*v. Calculate the remainder when 15 is divided by v.
7
Suppose 50 = i - 3*b + 5*b, 3*b = 9. What is the remainder when i is divided by 15?
14
Suppose -2*z = -3*z + 4*k + 37, 5*k = -2*z + 126. What is the remainder when z is divided by (-6)/(-15) - (-272)/20?
11
Suppose -2*j - 4*t = -24, t + 5 = 3*j - 52. What is the remainder when j is divided by 4?
2
Suppose 0 = 4*c - 2*g - 76, -c - 4*g - 9 = -46. Suppose c = n - r, -2*n - 51 = -4*n + 5*r. What is the 